{"id":206,"date":"2021-03-21T10:07:36","date_gmt":"2021-03-21T09:07:36","guid":{"rendered":"https:\/\/hagwiesenhof-pferdepension.de\/?page_id=206"},"modified":"2021-03-21T15:49:49","modified_gmt":"2021-03-21T14:49:49","slug":"datenschutzerklaerung","status":"publish","type":"page","link":"https:\/\/hagwiesenhof-pferdepension.de\/?page_id=206","title":{"rendered":"Datenschutzerkl\u00e4rung"},"content":{"rendered":"\n<h1 class=\"wp-block-heading\">Unser Umgang mit Ihren Daten und Ihre Rechte \u2013 Informationen nach Art. 13, 14 und 21 der EU-Datenschutz-Grundverordnung (DSGVO)<\/h1>\n\n\n\n<p>Mit den folgenden Informationen m\u00f6chten wir Ihnen einen \u00dcberblick \u00fcber die Verarbeitung Ihrer personenbezogenen Daten durch uns und Ihre daraus entstehenden Rechte geben. Welche Daten im Einzelnen verarbeitet und in welcher Weise genutzt werden, richtet sich ma\u00dfgeblich nach den jeweils beantragten bzw. vereinbarten Dienstleistungen. Daher werden ggf. nicht alle hier enthaltenen Aussagen auf Sie zutreffen.<\/p>\n\n\n\n<p>Dar\u00fcber hinaus kann diese Datenschutzinformation von Zeit zu Zeit aktualisiert werden. Die aktuellste Version finden Sie jederzeit auf unserer Webseite unter: https:\/\/hagwiesenhof-pferdepension.de\/?page_id=206<\/p>\n\n\n\n<h2 class=\"wp-block-heading\">Wer ist f\u00fcr die Datenverarbeitung verantwortlich und an wen kann ich mich wenden?<\/h2>\n\n\n\n<p>Verantwortlicher im Sinne der DSGVO ist:<\/p>\n\n\n\n<p>Hagwiesenhof-Pferdepension, Isabelle Glaubitt, Einzelunternehmen, Hag\u00e4cker 1, 72770 Reutlingen<\/p>\n\n\n\n<p>Sie erreichen unseren betrieblichen Datenschutzbeauftragten unter:<\/p>\n\n\n\n<p>Isabelle Glaubitt<br>mail@hagwiesenhof-pferdepension.de<\/p>\n\n\n\n<h2 class=\"wp-block-heading\">Art der erhobenen personenbezogenen Daten<\/h2>\n\n\n\n<p>Wir verarbeiten folgende personenbezogene Daten, die wir im Rahmen unserer Gesch\u00e4ftsbeziehung von Ihnen erhalten:<\/p>\n\n\n\n<p>Titel und Namen<br>Telefonnummern<br>E-Mailadressen<\/p>\n\n\n\n<h2 class=\"wp-block-heading\">Wir verarbeiten Ihre Daten zu folgenden Zwecken und auf folgender Rechtsgrundlage<\/h2>\n\n\n\n<p>Wir verarbeiten personenbezogene Daten im Einklang mit den Bestimmungen der europ\u00e4ischen Datenschutz-Grundverordnung (DSGVO) und dem Bundesdatenschutzgesetz (BDSG):<\/p>\n\n\n\n<h3 class=\"wp-block-heading\">Zur Erf\u00fcllung von vertraglichen Pflichten (Art. 6 Abs. 1 Buchst. b DSGVO)<\/h3>\n\n\n\n<p>Die Verarbeitung von Daten erfolgt zur Durchf\u00fchrung:<\/p>\n\n\n\n<h3 class=\"wp-block-heading\">Aufgrund gesetzlicher Vorgaben (Art. 6 Abs. 1 Buchst. c DSGVO)<\/h3>\n\n\n\n<p>Wir unterliegen verschiedenen gesetzlichen Verpflichtungen, die eine Datenverarbeitung nach sich ziehen. Hierzu z\u00e4hlen z. B.:<\/p>\n\n\n\n<p>Dar\u00fcber hinaus kann die Offenlegung personenbezogener Daten im Rahmen von beh\u00f6rdlichen\/gerichtlichen Ma\u00dfnahmen zu Zwecken der Beweiserhebung, Strafverfolgung oder Durchsetzung zivilrechtlicher Anspr\u00fcche erforderlich werden.<\/p>\n\n\n\n<h3 class=\"wp-block-heading\">Im Rahmen der Interessenabw\u00e4gung (Art. 6 Abs. 1 f DSGVO)<\/h3>\n\n\n\n<p>Soweit erforderlich, verarbeiten wir Ihre Daten \u00fcber die eigentliche Erf\u00fcllung des Vertrages hinaus zur Wahrung berechtigter Interessen von uns oder Dritten. Beispiele f\u00fcr solche F\u00e4lle sind:<\/p>\n\n\n\n<h2 class=\"wp-block-heading\">Wer bekommt meine Daten?<\/h2>\n\n\n\n<h3 class=\"wp-block-heading\">Innerhalb unseres Hauses<\/h3>\n\n\n\n<p>Mitarbeiter f\u00fcr den Kontakt mit Ihnen und die vertragliche Zusammenarbeit (inkl. der Erf\u00fcllung vorvertraglicher Ma\u00dfnahmen)<\/p>\n\n\n\n<h3 class=\"wp-block-heading\">Im Rahmen von Auftragsverarbeitungen<\/h3>\n\n\n\n<p>Ihre Daten werden ggf. an Dienstleister weitergegeben, die f\u00fcr uns als Auftragsverarbeiter t\u00e4tig werden:<\/p>\n\n\n\n<p>S\u00e4mtliche Dienstleister sind vertraglich gebunden und insbesondere dazu verpflichtet, Ihre Daten vertraulich zu behandeln.<\/p>\n\n\n\n<h3 class=\"wp-block-heading\">Sonstige Dritte<\/h3>\n\n\n\n<p>Eine Weitergabe von Daten an Empf\u00e4nger au\u00dferhalb unseres Hauses erfolgt nur unter Beachtung der anzuwendenden Vorschriften zum Datenschutz. Empf\u00e4nger personenbezogener Daten k\u00f6nnen z.B. sein:<\/p>\n\n\n\n<h2 class=\"wp-block-heading\">Werden Daten in ein Drittland oder an eine internationale Organisation \u00fcbermittelt?<\/h2>\n\n\n\n<p>Ihre Daten werden nur innerhalb der Europ\u00e4ischen Union und Staaten innerhalb des Europ\u00e4ischen Wirtschaftsraums (EWR) verarbeitet.<\/p>\n\n\n\n<h2 class=\"wp-block-heading\">Wie lange werden meine Daten gespeichert?<\/h2>\n\n\n\n<p>Wir verarbeiten und speichern Ihre personenbezogenen Daten, solange dies f\u00fcr die Erf\u00fcllung unserer vertraglichen und gesetzlichen Pflichten erforderlich ist. Sind die Daten f\u00fcr die Erf\u00fcllung vertraglicher oder gesetzlicher Pflichten nicht mehr erforderlich, werden diese regelm\u00e4\u00dfig gel\u00f6scht.<\/p>\n\n\n\n<p>Ausnahmen ergeben sich,<\/p>\n\n\n\n<ul class=\"wp-block-list\"><li>soweit gesetzliche Aufbewahrungspflichten zu erf\u00fcllen sind, z.B. Handelsgesetzbuch (HGB) und Abgabenordnung (AO), erforderlich sind. Die dort vorgegebenen Fristen zur Aufbewahrung bzw. Dokumentation betragen in der Regel sechs bis zehn Jahre;<\/li><li>zur Erhaltung von Beweismitteln im Rahmen der gesetzlichen Verj\u00e4hrungsvorschriften. Nach den \u00a7\u00a7 195 ff des B\u00fcrgerlichen Gesetzbuches (BGB) k\u00f6nnen diese Verj\u00e4hrungsfristen bis zu 30 Jahre betragen, wobei die regelm\u00e4\u00dfige Verj\u00e4hrungsfrist 3 Jahre betr\u00e4gt.<\/li><li>Ggf. weitere.<\/li><\/ul>\n\n\n\n<p>Sofern die Datenverarbeitung im berechtigten Interesse von uns oder einem Dritten erfolgt, werden die personenbezogenen Daten gel\u00f6scht, sobald dieses Interesse nicht mehr besteht. Hierbei gelten die genannten Ausnahmen.<\/p>\n\n\n\n<h2 class=\"wp-block-heading\">Welche Datenschutzrechte habe ich?<\/h2>\n\n\n\n<p>Sie haben das Recht auf Auskunft nach Artikel 15 DSGVO, das Recht auf Berichtigung nach Artikel 16 DSGVO, das Recht auf L\u00f6schung nach Artikel 17 DSGVO, das Recht auf Einschr\u00e4nkung der Verarbeitung nach Artikel 18 DSGVO, das Recht auf Widerspruch aus Artikel 21 DSGVO sowie das Recht auf Daten\u00fcbertragbarkeit aus Artikel 20 DSGVO.<\/p>\n\n\n\n<p>Beim Auskunftsrecht und beim L\u00f6schungsrecht gelten ggf. Einschr\u00e4nkungen nach \u00a7\u00a7 34 und 35 BDSG.<\/p>\n\n\n\n<p>Dar\u00fcber hinaus besteht ein Beschwerderecht bei einer zust\u00e4ndigen Datenschutzaufsichtsbeh\u00f6rde (Artikel 77 DSGVO i.V.m. \u00a7 19 BDSG). Die f\u00fcr uns zust\u00e4ndige Aufsichtsbeh\u00f6rde ist:<\/p>\n\n\n\n<p>Landesdatenschutzbeh\u00f6rde<br>K\u00f6nigstra\u00dfe 10 a<br>70173 Stuttgart<\/p>\n\n\n\n<h2 class=\"wp-block-heading\">Gibt es eine Pflicht zur Bereitstellung von Daten?<\/h2>\n\n\n\n<p>Im Rahmen des Vertragsverh\u00e4ltnisses m\u00fcssen Sie diejenigen personenbezogenen Daten bereitstellen, die f\u00fcr die Aufnahme, Durchf\u00fchrung und Beendigung des Vertragsverh\u00e4ltnisses und zur Erf\u00fcllung der damit verbundenen vertraglichen Pflichten erforderlich sind oder zu deren Erhebung wir gesetzlich verpflichtet sind. Ohne diese Daten werden wir in der Regel nicht in der Lage sein, den Vertrag mit Ihnen zu schlie\u00dfen oder diesen auszuf\u00fchren.<\/p>\n\n\n\n<h2 class=\"wp-block-heading\">Information \u00fcber Ihr Widerspruchsrecht nach Artikel 21 Datenschutz-Grundverordnung (DSGVO)<\/h2>\n\n\n\n<h3 class=\"wp-block-heading\">Einzelfallbezogenes Widerspruchsrecht<\/h3>\n\n\n\n<p>Sie haben das Recht, aus Gr\u00fcnden, die sich aus Ihrer besonderen Situation ergeben, jederzeit gegen die Verarbeitung Sie betreffender personenbezogener Daten, die aufgrund von Artikel 6 Absatz 1 Buchstabe f DSGVO (Datenverarbeitung auf der Grundlage einer Interessenabw\u00e4gung) erfolgt, Widerspruch einzulegen; dies gilt auch f\u00fcr ein auf diese Bestimmung gest\u00fctztes Profiling im Sinne von Artikel 4 Nr. 4 DSGVO.<\/p>\n\n\n\n<p>Legen Sie Widerspruch ein, werden wir Ihre personenbezogenen Daten nicht mehr verarbeiten, es sei denn, wir k\u00f6nnen zwingende schutzw\u00fcrdige Gr\u00fcnde f\u00fcr die Verarbeitung nachweisen, die Ihre Interessen, Rechte und Freiheiten \u00fcberwiegen, oder die Verarbeitung dient der Geltendmachung, Aus\u00fcbung oder Verteidigung von Rechtsanspr\u00fcchen.<\/p>\n\n\n\n<h3 class=\"wp-block-heading\">Empf\u00e4nger eines Widerspruchs<\/h3>\n\n\n\n<p>Der Widerspruch kann formfrei mit dem Betreff \u201eWiderspruch\u201c unter Angabe Ihres Namens, Ihrer Adresse und Ihres Geburtsdatums erfolgen und sollte gerichtet werden an:<\/p>\n\n\n\n<p>Hagwiesenhof-Pferdepension, Isabelle Glaubitt, Einzelunternehmen, Hag\u00e4cker 1, 72770 Reutlingen<\/p>\n\n\n\n<p><em>Diese Vorlage wurde mit dem&nbsp;<a href=\"https:\/\/www.activemind.de\/datenschutz\/dokumente\/kunden-informationsschreiben\/\">kostenlosen Kunden-Informationsschreiben-Generator der activeMind AG<\/a>&nbsp;erstellt (Version: #2019-04-05)<\/em><\/p>\n","protected":false},"excerpt":{"rendered":"<p>Unser Umgang mit Ihren Daten und Ihre Rechte \u2013 Informationen nach Art. 13, 14 und 21 der EU-Datenschutz-Grundverordnung (DSGVO) Mit den folgenden Informationen m\u00f6chten wir Ihnen einen \u00dcberblick \u00fcber die Verarbeitung Ihrer personenbezogenen Daten durch uns und Ihre daraus entstehenden Rechte geben. Welche Daten im Einzelnen verarbeitet und in welcher Weise genutzt werden, richtet sich &hellip; <\/p>\n<p class=\"link-more\"><a href=\"https:\/\/hagwiesenhof-pferdepension.de\/?page_id=206\" class=\"more-link\"><span class=\"screen-reader-text\">\u201eDatenschutzerkl\u00e4rung\u201c<\/span> weiterlesen<\/a><\/p>\n","protected":false},"author":2,"featured_media":0,"parent":14,"menu_order":0,"comment_status":"closed","ping_status":"closed","template":"","meta":{"footnotes":""},"class_list":["post-206","page","type-page","status-publish","hentry"],"_links":{"self":[{"href":"https:\/\/hagwiesenhof-pferdepension.de\/index.php?rest_route=\/wp\/v2\/pages\/206","targetHints":{"allow":["GET"]}}],"collection":[{"href":"https:\/\/hagwiesenhof-pferdepension.de\/index.php?rest_route=\/wp\/v2\/pages"}],"about":[{"href":"https:\/\/hagwiesenhof-pferdepension.de\/index.php?rest_route=\/wp\/v2\/types\/page"}],"author":[{"embeddable":true,"href":"https:\/\/hagwiesenhof-pferdepension.de\/index.php?rest_route=\/wp\/v2\/users\/2"}],"replies":[{"embeddable":true,"href":"https:\/\/hagwiesenhof-pferdepension.de\/index.php?rest_route=%2Fwp%2Fv2%2Fcomments&post=206"}],"version-history":[{"count":2,"href":"https:\/\/hagwiesenhof-pferdepension.de\/index.php?rest_route=\/wp\/v2\/pages\/206\/revisions"}],"predecessor-version":[{"id":209,"href":"https:\/\/hagwiesenhof-pferdepension.de\/index.php?rest_route=\/wp\/v2\/pages\/206\/revisions\/209"}],"up":[{"embeddable":true,"href":"https:\/\/hagwiesenhof-pferdepension.de\/index.php?rest_route=\/wp\/v2\/pages\/14"}],"wp:attachment":[{"href":"https:\/\/hagwiesenhof-pferdepension.de\/index.php?rest_route=%2Fwp%2Fv2%2Fmedia&parent=206"}],"curies":[{"name":"wp","href":"https:\/\/api.w.org\/{rel}","templated":true}]}}